23
In base 9, what is 1 - 4642770?
-4642768
In base 16, what is -2836df - -7?
-2836d8
In base 5, what is -2230340 + -2021?
-2232411
In base 2, what is 100 - 1001011110100111001110111?
-1001011110100111001110011
In base 5, what is 1142344244 + 2212?
1142402011
In base 13, what is -87c748 - -5?
-87c743
In base 13, what is -36 + -55b16?
-55b4c
In base 8, what is 25776 - -4757?
32755
In base 10, what is 169337 - 322?
169015
In base 6, what is -120144 + 20521?
-55223
In base 3, what is -1022 + 1001012111101110?
1001012111100011
In base 6, what is -23234 + -32453?
-100131
In base 8, what is -226 + 1453130?
1452702
In base 10, what is 4427647 - 73?
4427574
In base 6, what is 213 - 20252?
-20035
In base 8, what is -22323 + -2210?
-24533
In base 14, what is -427b - 4b48?
-8dc5
In base 13, what is a312ab84 + -5?
a312ab7c
In base 15, what is 64 + 142b3d4?
142b448
In base 2, what is -1000111101011000010 + 111101?
-1000111101010000101
In base 12, what is 108107 + 7a?
108185
In base 15, what is 60166 + 157?
602bd
In base 14, what is 3c - -13a70a?
13a748
In base 2, what is -111111 + -11100100110001010111?
-11100100110010010110
In base 4, what is -31210311 - -233?
-31210012
In base 10, what is 26 + -3590453?
-3590427
In base 6, what is 2 - -35332521?
35332523
In base 15, what is -1eed0 + -764?
-20744
In base 12, what is -137249 - -3?
-137246
In base 11, what is 35 + 24768?
247a2
In base 15, what is a9 + -6bb6b?
-6bab2
In base 2, what is 101010000100110011 - 1010110001?
101001111010000010
In base 12, what is -94 + -328a2?
-32976
In base 3, what is -2102122 + -21111112?
-100221011
In base 15, what is -60d - 3bec?
-430a
In base 8, what is -47160710 - -5?
-47160703
In base 15, what is 6 - a8c75?
-a8c6e
In base 3, what is -10020022011222 - 122102?
-10020022211101
In base 11, what is 13846251 - 0?
13846251
In base 13, what is -9c752 + -11a?
-9c86c
In base 2, what is -1000001111101011001010110 - 1000?
-1000001111101011001011110
In base 4, what is -3210 - -1012033?
1002223
In base 16, what is e7 - -7b2b?
7c12
In base 13, what is 63c8 + 342b?
9826
In base 2, what is -101 - 1111101010000110001110?
-1111101010000110010011
In base 16, what is -7b7ba - -26?
-7b794
In base 12, what is -724400 + 30?
-724390
In base 3, what is -2 + -2001110011201211?
-2001110011201220
In base 9, what is -1707 + -105517?
-107325
In base 3, what is 2122000121010 + 11212?
2122000202222
In base 2, what is 1110111001 - -10101011011110010100?
10101011101101001101
In base 6, what is -21343412543 - -3?
-21343412540
In base 9, what is 6351 - 37213?
-30752
In base 4, what is -10 - -112213321223?
112213321213
In base 5, what is -234 + 11440111?
11434322
In base 14, what is 28433b0 + -4?
28433aa
In base 12, what is 101a5 - 1621?
a784
In base 5, what is -4443330023 + 0?
-4443330023
In base 11, what is 475 - -5a138?
5a602
In base 3, what is 102 + 111212121020?
111212121122
In base 5, what is 12321042422 - 3?
12321042414
In base 16, what is f3 - 4428b?
-44198
In base 16, what is d + -194eb04?
-194eaf7
In base 6, what is -11455 - 1504?
-13403
In base 5, what is 312242 + 133310?
1001102
In base 9, what is 37 - -8728182?
8728230
In base 13, what is -83c79 - -1709?
-82570
In base 2, what is -101 + -1100011111111000100101?
-1100011111111000101010
In base 15, what is -6a4 + 4b97?
44e3
In base 2, what is 11001000 - 101010100001010?
-101010001000010
In base 11, what is 4 - -2512863?
2512867
In base 15, what is -1c7 - -4a7e6?
4a61e
In base 15, what is -151 + -68823?
-68974
In base 6, what is -115 + 4550524?
4550405
In base 13, what is 12330 - -3a2?
12702
In base 15, what is 36baa9 - 8?
36baa1
In base 7, what is 4216233 - 431?
4215502
In base 11, what is a001a20 + 2?
a001a22
In base 10, what is -32407613 + -6?
-32407619
In base 14, what is 1b + -77976?
-77959
In base 2, what is 100100101110010100 - -1001?
100100101110011101
In base 8, what is 2 + -10445646?
-10445644
In base 16, what is 29 - -14bc3ed?
14bc416
In base 16, what is -a72 + -9e6?
-1458
In base 16, what is 32 + -138bf5?
-138bc3
In base 3, what is 11000021 - 2100?
10220221
In base 4, what is 123123 + 1002123?
1131312
In base 8, what is -257 + 25407?
25130
In base 13, what is 7 - 1497a18?
-1497a11
In base 13, what is -1a1b08 - 29?
-1a1b34
In base 13, what is -4 + b433851?
b43384a
In base 3, what is -11 + 1020002020110000?
1020002020102212
In base 8, what is -104533 - -2236?
-102275
In base 9, what is -1103641 + -58?
-1103710
In base 13, what is -1194a - -2812?
-c138
In base 2, what is -1101010101111 - -111001100100011?
101100001110100
In base 7, what is -4131243 - 14?
-4131260
In base 8, what is 311254 + 542?
312016
In base 6, what is -141 - 1154214353?
-1154214534
In base 9, what is 4 - 2115078?
-2115074
In base 12, what is -3b7b + -43b5?
-8374
In base 15, what is -809 + 359c?
2c93
In base 11, what is -39870 + -2910?
-41680
In base 12, what is -26 - 592076?
-5920a0
In base 11, what is -666 - -18757?
180a1
In base 8, what is -21170523 - 5?
-21170530
In base 16, what is -a + -3b4d9b?
-3b4da5
In base 15, what is 12104 + 3b7?
124bb
In base 10, what is -9440 + -829?
-10269
In base 4, what is -1220221233 - -131?
-1220221102
In base 11, what is -57a9 + 1202?
-45a7
In base 3, what is 211020 - -212011220?
220000010
In base 11, what is -5 - 3742771?
-3742776
In base 4, what is 10 - 111011013210?
-111011013200
In base 13, what is -1737ab543 + 3?
-1737ab540
In base 14, what is d + -7248b9c?
-7248b8d
In base 4, what is -32 + 10100331032?
10100331000
In base 11, what is -2 - 58243a?
-582441
In base 3, what is -1120102220121 + -121?
-1120102221012
In base 8, what is 3347756 + -741?
3347015
In base 11, what is 8698 + -4108?
4590
In base 7, what is 3 - -50651200?
50651203
In base 6, what is -24 + 1504255?
1504231
In base 16, what is 8bb7 + 143?
8cfa
In base 5, what is -42411 - -144043?
101132
In base 14, what is 8c03 + -d126?
-4323
In base 11, what is -13888 - -7465?
-7423
In base 10, what is -134689923 + -1?
-134689924
In base 3, what is 202220011122 + -102111?
202212202011
In base 5, what is -441032113 + -324?
-441032442
In base 2, what is 1011111001110 + 110010101001000?
111110100010110
In base 10, what is 171993 - -876?
172869
In base 14, what is -1004 - -4a84?
3a80
In base 12, what is 242 + -8999b?
-89759
In base 9, what is 7 - 3532877?
-3532870
In base 16, what is -24def0d0 - -1?
-24def0cf
In base 7, what is -22522 - -16010?
-3512
In base 14, what is -59a18d9 + -5?
-59a1900
In base 12, what is 17857 - -124a?
18aa5
In base 8, what is 22 + -2453230?
-2453206
In base 8, what is 3437714 - 345?
3437347
In base 6, what is 225324 - 1202?
224122
In base 6, what is 10242200 + -333?
10241423
In base 6, what is 5 + 442422231?
442422240
In base 5, what is -1220 + 21302240?
21301020
In base 6, what is 501441314 - -10?
501441324
In base 5, what is 320403 + -100333?
220020
In base 4, what is -1311 - -2010301320?
2010300003
In base 11, what is 2722 + 22195?
24907
In base 3, what is 12020112 - 211112202120?
-211100112001
In base 15, what is -3d4 - -b5?
-31e
In base 15, what is 2 + 85cb3a?
85cb3c
In base 4, what is -2131020320100 - -2?
-2131020320032
In base 9, what is -4 - 2550878?
-2550883
In base 7, what is -4461056 + 0?
-4461056
In base 11, what is -11 - 8aa828?
-8aa839
In base 8, what is 32764 + 4300?
37264
In base 4, what is -3113 + 20133323?
20130210
In base 6, what is -1134135 + 2452?
-1131243
In base 8, what is 231 + 104157?
104410
In base 11, what is 15 - -5a953958?
5a953972
In base 6, what is 100 - 431411401?
-431411301
In base 8, what is -2737 - -47513?
44554
In base 5, what is -10 + -1102413?
-1102423
In base 13, what is -15c34 + 11?
-15c23
In base 8, what is -145163 + -36060?
-203243
In base 9, what is -476 + 25334?
24747
In base 8, what is -36 - 54625213?
-54625251
In base 7, what is 636 + -611265?
-610326
In base 11, what is 2 + 178848?
17884a
In base 5, what is 3030 - 1003003303?
-1003000223
In base 12, what is 5 - 898861?
-898858
In base 13, what is 8a0901 - 55?
8a0879
In base 2, what is 10100111011 + 1110001000100000110?
1110001011001000001
In base 8, what is 617 - -1053526?
1054345
In base 6, what is 5 + 243213254?
243213303
In base 12, what is 4 + -5366b70a?
-5366b706
In base 13, what is -278673b + -5?
-2786743
In base 7, what is 1 + 6410546523?
6410546524
In